{"id":7093,"date":"2021-02-04T23:22:31","date_gmt":"2021-02-04T23:22:31","guid":{"rendered":"https:\/\/juguetesjaku.com\/?page_id=7093"},"modified":"2021-10-09T23:30:31","modified_gmt":"2021-10-09T23:30:31","slug":"inicio","status":"publish","type":"page","link":"https:\/\/juguetesjaku.com\/","title":{"rendered":"Inicio"},"content":{"rendered":"","protected":false},"excerpt":{"rendered":"","protected":false},"author":501,"featured_media":7320,"parent":0,"menu_order":0,"comment_status":"closed","ping_status":"closed","template":"","meta":{"_acf_changed":false,"_seopress_robots_primary_cat":"","_seopress_titles_title":"Jugueter\u00eda Jaku Per\u00fa - Juguetes para ni\u00f1os y grandes","_seopress_titles_desc":"Juguetes para ni\u00f1os y grandes! En Jugueter\u00eda Jaku Per\u00fa somos especialistas en juguetes did\u00e1cticos, al aire libre y malabares. Env\u00edos a nivel nacional.","_seopress_robots_index":"","footnotes":""},"class_list":["post-7093","page","type-page","status-publish","has-post-thumbnail","hentry"],"acf":[],"_links":{"self":[{"href":"https:\/\/juguetesjaku.com\/index.php?rest_route=\/wp\/v2\/pages\/7093","targetHints":{"allow":["GET"]}}],"collection":[{"href":"https:\/\/juguetesjaku.com\/index.php?rest_route=\/wp\/v2\/pages"}],"about":[{"href":"https:\/\/juguetesjaku.com\/index.php?rest_route=\/wp\/v2\/types\/page"}],"author":[{"embeddable":true,"href":"https:\/\/juguetesjaku.com\/index.php?rest_route=\/wp\/v2\/users\/501"}],"replies":[{"embeddable":true,"href":"https:\/\/juguetesjaku.com\/index.php?rest_route=%2Fwp%2Fv2%2Fcomments&post=7093"}],"version-history":[{"count":0,"href":"https:\/\/juguetesjaku.com\/index.php?rest_route=\/wp\/v2\/pages\/7093\/revisions"}],"wp:featuredmedia":[{"embeddable":true,"href":"https:\/\/juguetesjaku.com\/index.php?rest_route=\/wp\/v2\/media\/7320"}],"wp:attachment":[{"href":"https:\/\/juguetesjaku.com\/index.php?rest_route=%2Fwp%2Fv2%2Fmedia&parent=7093"}],"curies":[{"name":"wp","href":"https:\/\/api.w.org\/{rel}","templated":true}]}}