{"id":2153,"date":"2020-02-03T07:59:16","date_gmt":"2020-02-03T07:59:16","guid":{"rendered":"https:\/\/juguetesjaku.com\/?post_type=product&#038;p=2153"},"modified":"2022-02-04T15:16:41","modified_gmt":"2022-02-04T15:16:41","slug":"devilstick-multicolor","status":"publish","type":"product","link":"https:\/\/juguetesjaku.com\/?product=devilstick-multicolor","title":{"rendered":"Devilstick Multicolor"},"content":{"rendered":"<p>El Devilstick Multicolor es un excelente golo para comenzar e incluye las baquetas forradas de silicona (negro o blanco). Respecto a su material, este est\u00e1 hecho de madera y sus regatones son de caucho. Su decoraci\u00f3n a lo largo es atractiva y tambi\u00e9n proporciona una superficie ligeramente texturizada para un agarre extra. El estrechamiento de este devilstick significa que gran parte de su peso se mantiene en los extremos, permitiendo m\u00e1s impulso, lo que es genial para trucos como las \"h\u00e9lices\". Si has probado los Flowersticks y quieres dar el siguiente paso, este es el golo perfecto para empezar. \u00a1Una enorme gama de colores y dise\u00f1os mezclados! Incluye baquetas<\/p>\n","protected":false},"excerpt":{"rendered":"<p>El Devilstick Multicolor es un excelente golo para comenzar e incluye las baquetas forradas de silicona (negro o blanco). Respecto a su material, este est\u00e1 hecho de madera y sus regatones son de caucho. Su decoraci\u00f3n a lo largo es atractiva y tambi\u00e9n proporciona una superficie ligeramente texturizada para un agarre extra. El estrechamiento de este devilstick significa que gran parte de su peso se mantiene en los extremos, permitiendo m\u00e1s impulso, lo que es genial para trucos como las \"h\u00e9lices\". Si has probado los Flowersticks y quieres dar el siguiente paso, este es el golo perfecto para empezar. \u00a1Una enorme gama de colores y dise\u00f1os mezclados!<\/p>\n<p><strong>*Incluye baquetas<\/strong><\/p>\n","protected":false},"featured_media":3178,"template":"","meta":{"_acf_changed":false,"_seopress_robots_primary_cat":"none","_seopress_titles_title":"","_seopress_titles_desc":"","_seopress_robots_index":""},"product_brand":[],"product_cat":[137,59],"product_tag":[],"class_list":{"0":"post-2153","1":"product","2":"type-product","3":"status-publish","4":"has-post-thumbnail","6":"product_cat-juguetes-giro","7":"product_cat-golos-malabares","8":"pa_color-amarillo","9":"pa_color-azul","10":"pa_color-blanco","11":"pa_color-morado","12":"pa_color-negro","13":"pa_color-rojo","14":"pa_color-verde","15":"pa_marca-jaku","16":"pa_precio-31-70","18":"first","19":"instock","20":"shipping-taxable","21":"purchasable","22":"product-type-variable"},"acf":[],"_links":{"self":[{"href":"https:\/\/juguetesjaku.com\/index.php?rest_route=\/wp\/v2\/product\/2153","targetHints":{"allow":["GET"]}}],"collection":[{"href":"https:\/\/juguetesjaku.com\/index.php?rest_route=\/wp\/v2\/product"}],"about":[{"href":"https:\/\/juguetesjaku.com\/index.php?rest_route=\/wp\/v2\/types\/product"}],"wp:featuredmedia":[{"embeddable":true,"href":"https:\/\/juguetesjaku.com\/index.php?rest_route=\/wp\/v2\/media\/3178"}],"wp:attachment":[{"href":"https:\/\/juguetesjaku.com\/index.php?rest_route=%2Fwp%2Fv2%2Fmedia&parent=2153"}],"wp:term":[{"taxonomy":"product_brand","embeddable":true,"href":"https:\/\/juguetesjaku.com\/index.php?rest_route=%2Fwp%2Fv2%2Fproduct_brand&post=2153"},{"taxonomy":"product_cat","embeddable":true,"href":"https:\/\/juguetesjaku.com\/index.php?rest_route=%2Fwp%2Fv2%2Fproduct_cat&post=2153"},{"taxonomy":"product_tag","embeddable":true,"href":"https:\/\/juguetesjaku.com\/index.php?rest_route=%2Fwp%2Fv2%2Fproduct_tag&post=2153"}],"curies":[{"name":"wp","href":"https:\/\/api.w.org\/{rel}","templated":true}]}}