{"id":3281,"date":"2020-02-17T22:20:21","date_gmt":"2020-02-17T22:20:21","guid":{"rendered":"https:\/\/juguetesjaku.com\/?post_type=product&#038;p=3281"},"modified":"2022-12-10T08:23:08","modified_gmt":"2022-12-10T08:23:08","slug":"kendama-play-pro","status":"publish","type":"product","link":"https:\/\/juguetesjaku.com\/?product=kendama-play-pro","title":{"rendered":"Kendama Play Pro II"},"content":{"rendered":"<p>El Kendama Play Pro II es un modelo de kendama de competencia muy exitoso. Como su predecesor, fue probado y desarrollado en colaboraci\u00f3n con los mejores jugadores europeos. Por su gran performance, el Kendama Play Pro II es uno de los preferidos por los jugadores profesionales. Sus dimensiones, su distribuci\u00f3n de peso y su acabado de pintura (laca) son las m\u00e1s \u00f3ptimas.<\/p>\n<p>Altura: 185 mm<br \/>\nAncho: 70 mm<br \/>\nDi\u00e1metro: 60 mm<br \/>\nLargo de la cuerda: 400 mm<br \/>\nPeso de la bola: ca. 75 g<br \/>\nPeso del mango: ca. 75 g<br \/>\nPeso total (inclu\u00eddo el empaque): aprox. 216 gr.<\/p>\n","protected":false},"excerpt":{"rendered":"<p>El Kendama Play Pro II es un modelo de kendama de competencia muy exitoso. Como su predecesor, fue probado y desarrollado en colaboraci\u00f3n con los mejores jugadores europeos. Por su gran performance, el Kendama Play Pro II es uno de los preferidos por los jugadores profesionales. Sus dimensiones, su distribuci\u00f3n de peso y su acabado de pintura (laca) son las m\u00e1s \u00f3ptimas.<\/p>\n<p>Caracter\u00edsticas: Altura: 18,5 cm | Di\u00e1metro: 6 cm | Peso: 216gr (incluye empaquetado)<\/p>\n","protected":false},"featured_media":3283,"template":"","meta":{"_acf_changed":false,"_seopress_robots_primary_cat":"none","_seopress_titles_title":"","_seopress_titles_desc":"","_seopress_robots_index":""},"product_brand":[],"product_cat":[124,178,74],"product_tag":[],"class_list":{"0":"post-3281","1":"product","2":"type-product","3":"status-publish","4":"has-post-thumbnail","6":"product_cat-kendamas","7":"product_cat-ofertas","8":"product_cat-juguetes-destreza","9":"pa_color-amarillo","10":"pa_color-azul","11":"pa_color-morado","12":"pa_color-negro","13":"pa_color-verde","14":"pa_marca-kendama-europe","15":"pa_precio-71-99","17":"first","18":"instock","19":"sale","20":"shipping-taxable","21":"purchasable","22":"product-type-variable"},"acf":[],"_links":{"self":[{"href":"https:\/\/juguetesjaku.com\/index.php?rest_route=\/wp\/v2\/product\/3281","targetHints":{"allow":["GET"]}}],"collection":[{"href":"https:\/\/juguetesjaku.com\/index.php?rest_route=\/wp\/v2\/product"}],"about":[{"href":"https:\/\/juguetesjaku.com\/index.php?rest_route=\/wp\/v2\/types\/product"}],"wp:featuredmedia":[{"embeddable":true,"href":"https:\/\/juguetesjaku.com\/index.php?rest_route=\/wp\/v2\/media\/3283"}],"wp:attachment":[{"href":"https:\/\/juguetesjaku.com\/index.php?rest_route=%2Fwp%2Fv2%2Fmedia&parent=3281"}],"wp:term":[{"taxonomy":"product_brand","embeddable":true,"href":"https:\/\/juguetesjaku.com\/index.php?rest_route=%2Fwp%2Fv2%2Fproduct_brand&post=3281"},{"taxonomy":"product_cat","embeddable":true,"href":"https:\/\/juguetesjaku.com\/index.php?rest_route=%2Fwp%2Fv2%2Fproduct_cat&post=3281"},{"taxonomy":"product_tag","embeddable":true,"href":"https:\/\/juguetesjaku.com\/index.php?rest_route=%2Fwp%2Fv2%2Fproduct_tag&post=3281"}],"curies":[{"name":"wp","href":"https:\/\/api.w.org\/{rel}","templated":true}]}}