{"id":340,"date":"2019-08-07T20:30:35","date_gmt":"2019-08-07T20:30:35","guid":{"rendered":"https:\/\/juguetesjaku.com\/?post_type=product&#038;p=340"},"modified":"2023-12-28T05:11:26","modified_gmt":"2023-12-28T05:11:26","slug":"diabolo-z","status":"publish","type":"product","link":"https:\/\/juguetesjaku.com\/?product=diabolo-z","title":{"rendered":"Diabolo Z"},"content":{"rendered":"<p>Este diabolo es sumamente resistente a ca\u00eddas gracias a su material de alto impacto, asimismo, su eje tiene un ba\u00f1o para evitar la oxidaci\u00f3n. Disponible tambi\u00e9n en colores combinados, ver <a href=\"https:\/\/juguetesjaku.com\/tienda\/diabolos\/diabolos-profesionales\/diabolo-z-bicolor\/\">Diabolo Z Bicolor.<\/a> Este juguete gracias a su peso de s\u00f3lo 190gr es ideal tanto para principiantes como para profesionales, probablemente sea el malabar m\u00e1s usado en los talleres de malabarismo. Tienen un fino acabo brilloso en las copas y en los conos, asimismo, sus arandelas met\u00e1licas tienen un sticker de la marca.<\/p>\n<p>Existen diversos tipos de diabolos que se pueden categorizar seg\u00fan el usuario (b\u00e1sicos, intermedios, profesionales), material (pl\u00e1stico, caucho, metal, combinados), eje (fijo, rodaje), tama\u00f1o (enanos, medianos, grandes, gigantes), sistema (cl\u00e1sico, LED, fuego). Si deseas leer el art\u00edculo completo de tipos de diabolo puedes hacerlo <a href=\"https:\/\/juguetesjaku.com\/tipos-diabolo-malabares\/\">aqu\u00ed<\/a>.<\/p>\n<p>Este juguete es muy usado en el continente asi\u00e1tico, donde en los colegios se practica como parte de los cursos de educaci\u00f3n f\u00edsica, adem\u00e1s, existen muchos concursos internacionales donde los mejores diabolistas del mundo compiten para demostrar qui\u00e9n es el mejor.<\/p>\n<p>Caracter\u00edsticas: Peso: 190 gr | Altura: 14,7 cm | Di\u00e1metro: 13 cm<\/p>\n<p>*No incluye baquetas, te recomendamos visitar la secci\u00f3n <a href=\"https:\/\/juguetesjaku.com\/tienda-malabares\/diabolos\/baquetas-diabolo\/\">baquetas de diabolo<\/a> y escoger la que m\u00e1s se acople a tus necesidades.<\/p>\n","protected":false},"excerpt":{"rendered":"<p>Este diabolo es sumamente resistente a ca\u00eddas gracias a su material de alto impacto, asimismo, su eje tiene un ba\u00f1o para evitar la oxidaci\u00f3n. Disponible tambi\u00e9n en colores combinados, ver <a href=\"https:\/\/juguetesjaku.com\/tienda\/diabolos\/diabolos-profesionales\/diabolo-z-bicolor\/\">Diabolo Z Bicolor.<\/a> Este juguete gracias a su peso de s\u00f3lo 190gr es ideal tanto para principiantes como para profesionales, probablemente sea el malabar m\u00e1s usado en los talleres de malabarismo. Tienen un fino acabo brilloso en las copas y en los conos, asimismo, sus arandelas met\u00e1licas tienen un sticker de la marca.<\/p>\n<p>Caracter\u00edsticas: Peso: 190 gr | Altura: 14,7 cm | Di\u00e1metro: 13 cm<\/p>\n<p><strong>*No incluye baquetas,<\/strong> te recomendamos visitar la secci\u00f3n <a href=\"https:\/\/juguetesjaku.com\/tienda-malabares\/diabolos\/baquetas-diabolo\/\">baquetas de diabolo<\/a> y escoger la que m\u00e1s se acople a tus necesidades.<\/p>\n","protected":false},"featured_media":1854,"template":"","meta":{"_acf_changed":false,"_seopress_robots_primary_cat":"none","_seopress_titles_title":"","_seopress_titles_desc":"","_seopress_robots_index":""},"product_brand":[],"product_cat":[178,42,90,91,92],"product_tag":[],"class_list":{"0":"post-340","1":"product","2":"type-product","3":"status-publish","4":"has-post-thumbnail","6":"product_cat-ofertas","7":"product_cat-diabolos","8":"product_cat-diabolos-basicos","9":"product_cat-diabolos-intermedios","10":"product_cat-diabolos-profesionales","11":"pa_color-amarillo","12":"pa_color-azul","13":"pa_color-morado","14":"pa_color-negro","15":"pa_color-rojo","16":"pa_color-verde","17":"pa_marca-jaku","18":"pa_precio-31-70","20":"first","21":"instock","22":"shipping-taxable","23":"purchasable","24":"product-type-variable"},"acf":[],"_links":{"self":[{"href":"https:\/\/juguetesjaku.com\/index.php?rest_route=\/wp\/v2\/product\/340","targetHints":{"allow":["GET"]}}],"collection":[{"href":"https:\/\/juguetesjaku.com\/index.php?rest_route=\/wp\/v2\/product"}],"about":[{"href":"https:\/\/juguetesjaku.com\/index.php?rest_route=\/wp\/v2\/types\/product"}],"wp:featuredmedia":[{"embeddable":true,"href":"https:\/\/juguetesjaku.com\/index.php?rest_route=\/wp\/v2\/media\/1854"}],"wp:attachment":[{"href":"https:\/\/juguetesjaku.com\/index.php?rest_route=%2Fwp%2Fv2%2Fmedia&parent=340"}],"wp:term":[{"taxonomy":"product_brand","embeddable":true,"href":"https:\/\/juguetesjaku.com\/index.php?rest_route=%2Fwp%2Fv2%2Fproduct_brand&post=340"},{"taxonomy":"product_cat","embeddable":true,"href":"https:\/\/juguetesjaku.com\/index.php?rest_route=%2Fwp%2Fv2%2Fproduct_cat&post=340"},{"taxonomy":"product_tag","embeddable":true,"href":"https:\/\/juguetesjaku.com\/index.php?rest_route=%2Fwp%2Fv2%2Fproduct_tag&post=340"}],"curies":[{"name":"wp","href":"https:\/\/api.w.org\/{rel}","templated":true}]}}