{"id":6879,"date":"2021-01-17T19:20:38","date_gmt":"2021-01-17T19:20:38","guid":{"rendered":"https:\/\/juguetesjaku.com\/?post_type=product&#038;p=6879"},"modified":"2021-12-29T12:28:50","modified_gmt":"2021-12-29T12:28:50","slug":"aro-volador-25cm","status":"publish","type":"product","link":"https:\/\/juguetesjaku.com\/?product=aro-volador-25cm","title":{"rendered":"Aro Volador 25cm"},"content":{"rendered":"<p>El Aro Volador 25cm est\u00e1 hecho de pl\u00e1stico y tiene un labio de goma en el lateral. Esto hace que la captura sea m\u00e1s c\u00f3moda.<\/p>\n","protected":false},"excerpt":{"rendered":"<p>El Aro Volador 25cm est\u00e1 hecho de pl\u00e1stico y tiene un labio de goma en el lateral. Esto hace que la captura sea m\u00e1s c\u00f3moda<\/p>\n","protected":false},"featured_media":6882,"template":"","meta":{"_acf_changed":false,"_seopress_robots_primary_cat":"none","_seopress_titles_title":"","_seopress_titles_desc":"El Aro Volador 25cm est\u00e1 hecho de pl\u00e1stico y tiene un labio de goma en el lateral. Esto hace que la captura sea m\u00e1s c\u00f3moda.","_seopress_robots_index":""},"product_brand":[],"product_cat":[180,178,74],"product_tag":[],"class_list":{"0":"post-6879","1":"product","2":"type-product","3":"status-publish","4":"has-post-thumbnail","6":"product_cat-aros-voladores","7":"product_cat-ofertas","8":"product_cat-juguetes-destreza","9":"pa_color-amarillo","10":"pa_color-fucsia","11":"pa_color-verde","12":"pa_marca-diversas","13":"pa_precio-hasta-30","15":"first","16":"instock","17":"sale","18":"shipping-taxable","19":"purchasable","20":"product-type-variable"},"acf":[],"_links":{"self":[{"href":"https:\/\/juguetesjaku.com\/index.php?rest_route=\/wp\/v2\/product\/6879","targetHints":{"allow":["GET"]}}],"collection":[{"href":"https:\/\/juguetesjaku.com\/index.php?rest_route=\/wp\/v2\/product"}],"about":[{"href":"https:\/\/juguetesjaku.com\/index.php?rest_route=\/wp\/v2\/types\/product"}],"wp:featuredmedia":[{"embeddable":true,"href":"https:\/\/juguetesjaku.com\/index.php?rest_route=\/wp\/v2\/media\/6882"}],"wp:attachment":[{"href":"https:\/\/juguetesjaku.com\/index.php?rest_route=%2Fwp%2Fv2%2Fmedia&parent=6879"}],"wp:term":[{"taxonomy":"product_brand","embeddable":true,"href":"https:\/\/juguetesjaku.com\/index.php?rest_route=%2Fwp%2Fv2%2Fproduct_brand&post=6879"},{"taxonomy":"product_cat","embeddable":true,"href":"https:\/\/juguetesjaku.com\/index.php?rest_route=%2Fwp%2Fv2%2Fproduct_cat&post=6879"},{"taxonomy":"product_tag","embeddable":true,"href":"https:\/\/juguetesjaku.com\/index.php?rest_route=%2Fwp%2Fv2%2Fproduct_tag&post=6879"}],"curies":[{"name":"wp","href":"https:\/\/api.w.org\/{rel}","templated":true}]}}