{"id":8315,"date":"2021-11-10T11:53:52","date_gmt":"2021-11-10T11:53:52","guid":{"rendered":"https:\/\/juguetesjaku.com\/?post_type=product&#038;p=8315"},"modified":"2021-11-10T12:45:05","modified_gmt":"2021-11-10T12:45:05","slug":"baquetas-carbono-35cm-hyperspin","status":"publish","type":"product","link":"https:\/\/juguetesjaku.com\/?product=baquetas-carbono-35cm-hyperspin","title":{"rendered":"Baquetas Carbono 35cm Hyperspin"},"content":{"rendered":"<p>Estas Baquetas de Diabolo marca Hyperspin est\u00e1n hechas de carbono. Han sido dise\u00f1adas y desarrolladas por el Diabolo Dance Crew. Estas incre\u00edbles baquetas de carbono se enfrentan f\u00e1cilmente al resto del mercado. Mangos c\u00f3modos, rigidez \u00f3ptima y un rendimiento fant\u00e1stico. Miden exactamente 34,6cm de largo.<\/p>\n","protected":false},"excerpt":{"rendered":"<p>Estas Baquetas de Diabolo marca Hyperspin est\u00e1n hechas de carbono. Han sido dise\u00f1adas y desarrolladas por el Diabolo Dance Crew. Estas incre\u00edbles baquetas de carbono se enfrentan f\u00e1cilmente al resto del mercado. Mangos c\u00f3modos, rigidez \u00f3ptima y un rendimiento fant\u00e1stico. Miden exactamente 34,6cm de largo.<\/p>\n","protected":false},"featured_media":8292,"template":"","meta":{"_acf_changed":false,"_seopress_robots_primary_cat":"none","_seopress_titles_title":"","_seopress_titles_desc":"Estas Baquetas de Diabolo marca Hyperspin est\u00e1n hechas de carbono. Han sido dise\u00f1adas y desarrolladas por el Diabolo Dance Crew.","_seopress_robots_index":""},"product_brand":[],"product_cat":[117,227,42],"product_tag":[],"class_list":{"0":"post-8315","1":"product","2":"type-product","3":"status-publish","4":"has-post-thumbnail","6":"product_cat-baquetas-diabolo","7":"product_cat-nuevos-juguetes","8":"product_cat-diabolos","9":"pa_color-blanco","10":"pa_color-negro","11":"pa_marca-hyperspin","12":"pa_precio-100-mas","14":"first","15":"instock","16":"shipping-taxable","17":"purchasable","18":"product-type-variable"},"acf":[],"_links":{"self":[{"href":"https:\/\/juguetesjaku.com\/index.php?rest_route=\/wp\/v2\/product\/8315","targetHints":{"allow":["GET"]}}],"collection":[{"href":"https:\/\/juguetesjaku.com\/index.php?rest_route=\/wp\/v2\/product"}],"about":[{"href":"https:\/\/juguetesjaku.com\/index.php?rest_route=\/wp\/v2\/types\/product"}],"wp:featuredmedia":[{"embeddable":true,"href":"https:\/\/juguetesjaku.com\/index.php?rest_route=\/wp\/v2\/media\/8292"}],"wp:attachment":[{"href":"https:\/\/juguetesjaku.com\/index.php?rest_route=%2Fwp%2Fv2%2Fmedia&parent=8315"}],"wp:term":[{"taxonomy":"product_brand","embeddable":true,"href":"https:\/\/juguetesjaku.com\/index.php?rest_route=%2Fwp%2Fv2%2Fproduct_brand&post=8315"},{"taxonomy":"product_cat","embeddable":true,"href":"https:\/\/juguetesjaku.com\/index.php?rest_route=%2Fwp%2Fv2%2Fproduct_cat&post=8315"},{"taxonomy":"product_tag","embeddable":true,"href":"https:\/\/juguetesjaku.com\/index.php?rest_route=%2Fwp%2Fv2%2Fproduct_tag&post=8315"}],"curies":[{"name":"wp","href":"https:\/\/api.w.org\/{rel}","templated":true}]}}