{"id":8324,"date":"2021-11-10T13:18:15","date_gmt":"2021-11-10T13:18:15","guid":{"rendered":"https:\/\/juguetesjaku.com\/?post_type=product&#038;p=8324"},"modified":"2022-12-10T08:35:10","modified_gmt":"2022-12-10T08:35:10","slug":"diabolo-beach","status":"publish","type":"product","link":"https:\/\/juguetesjaku.com\/?product=diabolo-beach","title":{"rendered":"Diabolo Beach"},"content":{"rendered":"<p>El diabolo Beach de la marca Henrys tiene un dise\u00f1o \u00fanico, sus copas interiores tienen aros que sobresalen. Desde marzo de 2014, las copas son siempre transparentes, lo que las hace muy vistozas. El eje, el carrete, las arandelas, las tuercas y los cubos son ahora de construcci\u00f3n id\u00e9ntica a la del Diabolo Circus. El peso se ha reducido de 250 g a 215 g, por lo que tambi\u00e9n es adecuado para los jugadores m\u00e1s peque\u00f1os. Las nervaduras axiales garantizan las mejores caracter\u00edsticas de marcha incluso con la m\u00e1s fuerte deformaci\u00f3n. El di\u00e1bolo Beach es compatible con todos los sets de afinaci\u00f3n Circus.<\/p>\n<p>*No incluye baquetas de diabolo.<\/p>\n","protected":false},"excerpt":{"rendered":"<p>El diabolo Beach de la marca Henrys tiene un dise\u00f1o \u00fanico, sus copas interiores tienen aros que sobresalen. Desde marzo de 2014, las copas son siempre transparentes, lo que las hace muy vistozas. El eje, el carrete, las arandelas, las tuercas y los cubos son ahora de construcci\u00f3n id\u00e9ntica a la del Diabolo Circus. El peso se ha reducido de 250 g a 215 g, por lo que tambi\u00e9n es adecuado para los jugadores m\u00e1s peque\u00f1os. Las nervaduras axiales garantizan las mejores caracter\u00edsticas de marcha incluso con la m\u00e1s fuerte deformaci\u00f3n. El di\u00e1bolo Beach es compatible con todos los sets de afinaci\u00f3n Circus.<\/p>\n<p><strong>*No incluye baquetas de diabolo.<\/strong><\/p>\n","protected":false},"featured_media":8302,"template":"","meta":{"_acf_changed":false,"_seopress_robots_primary_cat":"none","_seopress_titles_title":"","_seopress_titles_desc":"El diabolo Beach de la marca Henrys tiene un dise\u00f1o \u00fanico, sus copas interiores tienen aros que sobresalen.","_seopress_robots_index":""},"product_brand":[],"product_cat":[227,42,90,91],"product_tag":[],"class_list":{"0":"post-8324","1":"product","2":"type-product","3":"status-publish","4":"has-post-thumbnail","6":"product_cat-nuevos-juguetes","7":"product_cat-diabolos","8":"product_cat-diabolos-basicos","9":"product_cat-diabolos-intermedios","10":"pa_color-amarillo","11":"pa_color-azul","12":"pa_color-naranja","13":"pa_color-rojo","14":"pa_color-turquesa","15":"pa_marca-henrys","16":"pa_precio-100-mas","18":"first","19":"instock","20":"shipping-taxable","21":"purchasable","22":"product-type-variable"},"acf":[],"_links":{"self":[{"href":"https:\/\/juguetesjaku.com\/index.php?rest_route=\/wp\/v2\/product\/8324","targetHints":{"allow":["GET"]}}],"collection":[{"href":"https:\/\/juguetesjaku.com\/index.php?rest_route=\/wp\/v2\/product"}],"about":[{"href":"https:\/\/juguetesjaku.com\/index.php?rest_route=\/wp\/v2\/types\/product"}],"wp:featuredmedia":[{"embeddable":true,"href":"https:\/\/juguetesjaku.com\/index.php?rest_route=\/wp\/v2\/media\/8302"}],"wp:attachment":[{"href":"https:\/\/juguetesjaku.com\/index.php?rest_route=%2Fwp%2Fv2%2Fmedia&parent=8324"}],"wp:term":[{"taxonomy":"product_brand","embeddable":true,"href":"https:\/\/juguetesjaku.com\/index.php?rest_route=%2Fwp%2Fv2%2Fproduct_brand&post=8324"},{"taxonomy":"product_cat","embeddable":true,"href":"https:\/\/juguetesjaku.com\/index.php?rest_route=%2Fwp%2Fv2%2Fproduct_cat&post=8324"},{"taxonomy":"product_tag","embeddable":true,"href":"https:\/\/juguetesjaku.com\/index.php?rest_route=%2Fwp%2Fv2%2Fproduct_tag&post=8324"}],"curies":[{"name":"wp","href":"https:\/\/api.w.org\/{rel}","templated":true}]}}