{"id":8331,"date":"2021-11-10T13:29:15","date_gmt":"2021-11-10T13:29:15","guid":{"rendered":"https:\/\/juguetesjaku.com\/?post_type=product&#038;p=8331"},"modified":"2021-11-10T13:30:16","modified_gmt":"2021-11-10T13:30:16","slug":"contact-100mm-play-moon","status":"publish","type":"product","link":"https:\/\/juguetesjaku.com\/?product=contact-100mm-play-moon","title":{"rendered":"Contact 100mm Play Moon"},"content":{"rendered":"<p>La Pelota Contact 100mm Moon (brilla en la oscuridad) de la marca Play es hueca y est\u00e1 hecha de PVC flexible y pegagoso que permite una f\u00e1cil manipulaci\u00f3n. Estas pelotas tienen una visibilidad muy alta y son excelentes para las actuaciones. Precio unitario<\/p>\n","protected":false},"excerpt":{"rendered":"<p>La Pelota Contact 100mm Moon (brilla en la oscuridad) de la marca Play es hueca y est\u00e1 hecha de PVC flexible y pegagoso que permite una f\u00e1cil manipulaci\u00f3n. Estas pelotas tienen una visibilidad muy alta y son excelentes para las actuaciones.<\/p>\n<p><strong>*Precio unitario<\/strong><\/p>\n","protected":false},"featured_media":8306,"template":"","meta":{"_acf_changed":false,"_seopress_robots_primary_cat":"none","_seopress_titles_title":"","_seopress_titles_desc":"La Pelota Contact 100mm Moon (brilla en la oscuridad) de la marca Play es hueca y est\u00e1 hecha de PVC pegagoso para una f\u00e1cil manipulaci\u00f3n.","_seopress_robots_index":""},"product_brand":[],"product_cat":[227,20,61,62,37],"product_tag":[],"class_list":{"0":"post-8331","1":"product","2":"type-product","3":"status-publish","4":"has-post-thumbnail","6":"product_cat-nuevos-juguetes","7":"product_cat-malabares-led","8":"product_cat-malabares","9":"product_cat-pelotas-contacto","10":"product_cat-pelotas-malabares","11":"pa_color-fosforescente","12":"pa_marca-play-juggling","13":"pa_precio-71-99","15":"first","16":"instock","17":"shipping-taxable","18":"purchasable","19":"product-type-simple"},"acf":[],"_links":{"self":[{"href":"https:\/\/juguetesjaku.com\/index.php?rest_route=\/wp\/v2\/product\/8331","targetHints":{"allow":["GET"]}}],"collection":[{"href":"https:\/\/juguetesjaku.com\/index.php?rest_route=\/wp\/v2\/product"}],"about":[{"href":"https:\/\/juguetesjaku.com\/index.php?rest_route=\/wp\/v2\/types\/product"}],"wp:featuredmedia":[{"embeddable":true,"href":"https:\/\/juguetesjaku.com\/index.php?rest_route=\/wp\/v2\/media\/8306"}],"wp:attachment":[{"href":"https:\/\/juguetesjaku.com\/index.php?rest_route=%2Fwp%2Fv2%2Fmedia&parent=8331"}],"wp:term":[{"taxonomy":"product_brand","embeddable":true,"href":"https:\/\/juguetesjaku.com\/index.php?rest_route=%2Fwp%2Fv2%2Fproduct_brand&post=8331"},{"taxonomy":"product_cat","embeddable":true,"href":"https:\/\/juguetesjaku.com\/index.php?rest_route=%2Fwp%2Fv2%2Fproduct_cat&post=8331"},{"taxonomy":"product_tag","embeddable":true,"href":"https:\/\/juguetesjaku.com\/index.php?rest_route=%2Fwp%2Fv2%2Fproduct_tag&post=8331"}],"curies":[{"name":"wp","href":"https:\/\/api.w.org\/{rel}","templated":true}]}}