{"id":8594,"date":"2021-12-07T10:20:11","date_gmt":"2021-12-07T10:20:11","guid":{"rendered":"https:\/\/juguetesjaku.com\/?post_type=product&#038;p=8594"},"modified":"2021-12-07T10:20:12","modified_gmt":"2021-12-07T10:20:12","slug":"pois-led-programables-usb-sale","status":"publish","type":"product","link":"https:\/\/juguetesjaku.com\/?product=pois-led-programables-usb-sale","title":{"rendered":"Pois LED Programables USB Sale"},"content":{"rendered":"<p>Los Pois Programables USB son adecuados para los jugadores de todos los niveles y son perfectos para espect\u00e1culos. Las cabezas superblandas de 70 mm son suaves, duraderas y ofrecen una excelente difusi\u00f3n de la luz. Los mangos de la correa son super c\u00f3modos y permite un juego continuo.<\/p>\n<p>Este Poi LED tienen 11 funciones que se cambian apretando un bot\u00f3n. Y cuando se acaba la bater\u00eda lo \u00fanico que tienes que hacer es recargar el juguete via USB. Cada poi pesa 92 gr. y su longitud m\u00e1xima es de 76 cm. El tiempo de juego es de aproximadamente 40 minutos, seg\u00fan la funci\u00f3n.<\/p>\n","protected":false},"excerpt":{"rendered":"<p>Los Pois Programables USB son adecuados para los jugadores de todos los niveles y son perfectos para espect\u00e1culos. Las cabezas superblandas de 70 mm son suaves, duraderas y ofrecen una excelente difusi\u00f3n de la luz. Los mangos de la correa son super c\u00f3modos y permite un juego continuo.<\/p>\n<p>Este Poi LED tienen 11 funciones que se cambian apretando un bot\u00f3n. Y cuando se acaba la bater\u00eda lo \u00fanico que tienes que hacer es recargar el juguete via USB. Cada poi pesa 92 gr. y su longitud m\u00e1xima es de 76 cm. El tiempo de juego es de aproximadamente 40 minutos, seg\u00fan la funci\u00f3n.<\/p>\n<p><strong>*El motivo de la oferta es que las pelotas tienen manchas amarillentas, lo cual no afecta en absoluto el juego y la visualizaci\u00f3n\u00a0 LED del juguete en movimiento.<\/strong><\/p>\n","protected":false},"featured_media":8596,"template":"","meta":{"_acf_changed":false,"_seopress_robots_primary_cat":"","_seopress_titles_title":"","_seopress_titles_desc":"Los Pois Programables USB son adecuados para los jugadores de todos los niveles y son perfectos para espect\u00e1culos.","_seopress_robots_index":""},"product_brand":[],"product_cat":[137,227,178,50,20],"product_tag":[],"class_list":{"0":"post-8594","1":"product","2":"type-product","3":"status-publish","4":"has-post-thumbnail","6":"product_cat-juguetes-giro","7":"product_cat-nuevos-juguetes","8":"product_cat-ofertas","9":"product_cat-pois-malabares","10":"product_cat-malabares-led","11":"pa_color-multicolor","12":"pa_marca-jaku","13":"pa_precio-100-mas","15":"first","16":"instock","17":"sale","18":"shipping-taxable","19":"purchasable","20":"product-type-simple"},"acf":[],"_links":{"self":[{"href":"https:\/\/juguetesjaku.com\/index.php?rest_route=\/wp\/v2\/product\/8594","targetHints":{"allow":["GET"]}}],"collection":[{"href":"https:\/\/juguetesjaku.com\/index.php?rest_route=\/wp\/v2\/product"}],"about":[{"href":"https:\/\/juguetesjaku.com\/index.php?rest_route=\/wp\/v2\/types\/product"}],"wp:featuredmedia":[{"embeddable":true,"href":"https:\/\/juguetesjaku.com\/index.php?rest_route=\/wp\/v2\/media\/8596"}],"wp:attachment":[{"href":"https:\/\/juguetesjaku.com\/index.php?rest_route=%2Fwp%2Fv2%2Fmedia&parent=8594"}],"wp:term":[{"taxonomy":"product_brand","embeddable":true,"href":"https:\/\/juguetesjaku.com\/index.php?rest_route=%2Fwp%2Fv2%2Fproduct_brand&post=8594"},{"taxonomy":"product_cat","embeddable":true,"href":"https:\/\/juguetesjaku.com\/index.php?rest_route=%2Fwp%2Fv2%2Fproduct_cat&post=8594"},{"taxonomy":"product_tag","embeddable":true,"href":"https:\/\/juguetesjaku.com\/index.php?rest_route=%2Fwp%2Fv2%2Fproduct_tag&post=8594"}],"curies":[{"name":"wp","href":"https:\/\/api.w.org\/{rel}","templated":true}]}}